{"id":3,"date":"2022-12-27T20:45:58","date_gmt":"2022-12-27T18:45:58","guid":{"rendered":"https:\/\/urbanfit.es\/?page_id=3"},"modified":"2023-03-16T17:15:27","modified_gmt":"2023-03-16T15:15:27","slug":"politica-de-privadesa","status":"publish","type":"page","link":"https:\/\/urbanfit.es\/es\/politica-de-privadesa\/","title":{"rendered":"Pol\u00edtica de privadesa"},"content":{"rendered":"<section class=\"wpb-content-wrapper\"><div class=\"vc_row wpb_row vc_row-fluid vc_row_visible\"><div class=\"wpb_column vc_column_container vc_col-sm-12 text-left\"><div class=\"vc_column-inner\"><div class=\"wpb_wrapper\">\n\t<div class=\"wpb_text_column wpb_content_element\" >\n\t\t<div class=\"wpb_wrapper\">\n\t\t\t<h2 class=\"wp-block-heading\">Qui\u00e9nes somos?<\/h2>\n<p>La nostra adre\u00e7a web \u00e9s: https:\/\/urbanfit.es.<\/p>\n<h2 class=\"wp-block-heading\">Comentaris<\/h2>\n<p>Quan els visitants deixen comentaris a la web, recollim les dades que es mostren al formulari de contacte, aix\u00ed com l&#8217;adre\u00e7a IP del visitant i la cadena de l&#8217;agent de l&#8217;usuari del navegador per ajudar a la detecci\u00f3 de missatges brossa.<\/p>\n<p>Una cadena anonimitzada creada a partir de l&#8217;adre\u00e7a electr\u00f2nica (tamb\u00e9 anomenat un hash) pot proporcionar-se al servei Gravatar per veure si l&#8217;esteu usant. La pol\u00edtica de privadesa del servei Gravatar est\u00e0 disponible aqu\u00ed: https:\/\/automattic.com\/privacy\/. Una vegada aprovat el comentari, la imatge del vostre perfil \u00e9s visible al p\u00fablic al context del comentari.<\/p>\n<h2 class=\"wp-block-heading\">M\u00e8dia<\/h2>\n<p>Si pugeu imatges al lloc web, heu d&#8217;evitar pujar imatges que incloguin dades de geolocalitzaci\u00f3 (EXIF GPS) incrustades. Els visitants del lloc web poden baixar i extreure qualsevol informaci\u00f3 de les imatges de la web.<\/p>\n<h2 class=\"wp-block-heading\">Galetes<\/h2>\n<p>Si deixeu un comentari en la p\u00e0gina web, podeu optar per desar el nom, l&#8217;adre\u00e7a electr\u00f2nica i el lloc web en les galetes. Aix\u00f2 \u00e9s per la vostra comoditat perqu\u00e8 no h\u00e0geu d&#8217;emplenar les dades de nou quan feu un altre comentari. Aquestes galetes duraran un any.<\/p>\n<p>Si teniu un compte i inicieu sessi\u00f3 en aquesta p\u00e0gina web, es definir\u00e0 una galeta temporal per determinar si el navegador accepta galetes. Aquesta galeta no cont\u00e9 dades personals i es descartar\u00e0 quan tanqueu el navegador.<\/p>\n<p>Quan inicieu sessi\u00f3, tamb\u00e9 es configuraran diverses galetes per desar la informaci\u00f3 d&#8217;inici de sessi\u00f3 i les opcions de visualitzaci\u00f3 de la pantalla. Les galeres d&#8217;inici de sessi\u00f3 duren dos dies, i les galetes de les opcions de pantalla duren un any. Si seleccioneu &#8220;Recordeu-me&#8221;, l&#8217;inici de sessi\u00f3 persistir\u00e0 durant dues setmanes. Si finalitzeu la sessi\u00f3, les galetes d&#8217;inici de sessi\u00f3 seran suprimides.<\/p>\n<p>Si editeu o publiqueu un article, una galeta addicional es desar\u00e0 al navegador. Aquesta galeta no inclou dades personals i simplement indica l&#8217;identificador de l&#8217;entrada que acabeu d&#8217;editar. Caduca despr\u00e9s d&#8217;1 dia.<\/p>\n<h2 class=\"wp-block-heading\">Contingut incrustat d&#8217;altres llocs web<\/h2>\n<p>Els articles en aquesta p\u00e0gina web inclou contingut incrustat (per exemple, v\u00eddeos, imatges, articles, etc.). El contingut incrustat des d&#8217;altres p\u00e0gines web es comporta exactament de la mateixa manera com si el visitant estigu\u00e9s visitant l&#8217;altra p\u00e0gina web.<\/p>\n<p>Aquestes p\u00e0gines web poden recollir dades sobre v\u00f3s, fer servir galetes, incrustar seguiment addicional de terceres parts, i monitorar la interacci\u00f3 amb el contingut incrustat, incloent-hi la tra\u00e7a de la interacci\u00f3 amb el contingut incrustat si teniu un compte i heu iniciat sessi\u00f3 en aquesta p\u00e0gina web.<\/p>\n<h2 class=\"wp-block-heading\">Amb qui compartim les vostres dades<\/h2>\n<p>Si sol\u00b7liciteu un reinici de contrasenya, l&#8217;adre\u00e7a UP s&#8217;inclour\u00e0 en el correu electr\u00f2nic de reinicialitzaci\u00f3.<\/p>\n<h2 class=\"wp-block-heading\">Quant de temps retenim les dades<\/h2>\n<p>Si deixeu un comentari, el comentari i les seves dades meta es retenen indefinidament. Aix\u00f2 \u00e9s per poder recon\u00e8ixer i aprovar autom\u00e0ticament qualsevol comentari de seguiment en lloc de mantenir-los en la cua de moderaci\u00f3.<\/p>\n<p>Per als usuaris que es registren en la web (si hi ha), tamb\u00e9 emmagatzemem la informaci\u00f3 personal que proporcionen al seu perfil d&#8217;usuari. Tots els usuaris poden veure, editar o suprimir la seva informaci\u00f3 personal en qualsevol moment (excepte que no poden canviar el seu nom d&#8217;usuari). Els administradors de la p\u00e0gina web poden tamb\u00e9 editar aquesta informaci\u00f3.<\/p>\n<h2 class=\"wp-block-heading\">Quins drets teniu sobre les vostres dades<\/h2>\n<p>Si teniu un compte en aquest lloc web o hi heu deixat comentaris, podeu demanar que us enviem un fitxer d&#8217;exportaci\u00f3 de les vostres dades personals, incloent-hi totes les dades que ens h\u00e0geu proporcionat. Tamb\u00e9 podeu demanar que esborrem qualsevol dada personal vostra que tinguem. Aix\u00f2 no inclou les dades que estiguem obligats a conservar amb prop\u00f2sits administratius, legals o de seguretat.<\/p>\n<h2 class=\"wp-block-heading\">On s&#8217;envien les vostres dades<\/h2>\n<p>Els comentaris dels visitants han de ser comprovats mitjan\u00e7ant un servei de detecci\u00f3 de brossa automatitzat.<\/p>\n<p>&nbsp;<\/p>\n\n\t\t<\/div>\n\t<\/div>\n<\/div><\/div><\/div><\/div><\/section>","protected":false},"excerpt":{"rendered":"Qui som La nostra adre\u00e7a web \u00e9s: https:\/\/urbanfit.es. Comentaris Quan els visitants deixen comentaris a la web, recollim les dades que es mostren al formulari de contacte, aix\u00ed com l'adre\u00e7a IP del visitant i la cadena de l'agent de l'usuari...","protected":false},"author":1,"featured_media":0,"parent":0,"menu_order":0,"comment_status":"closed","ping_status":"open","template":"","meta":{"om_disable_all_campaigns":false,"footnotes":""},"aioseo_notices":[],"_links":{"self":[{"href":"https:\/\/urbanfit.es\/es\/wp-json\/wp\/v2\/pages\/3"}],"collection":[{"href":"https:\/\/urbanfit.es\/es\/wp-json\/wp\/v2\/pages"}],"about":[{"href":"https:\/\/urbanfit.es\/es\/wp-json\/wp\/v2\/types\/page"}],"author":[{"embeddable":true,"href":"https:\/\/urbanfit.es\/es\/wp-json\/wp\/v2\/users\/1"}],"replies":[{"embeddable":true,"href":"https:\/\/urbanfit.es\/es\/wp-json\/wp\/v2\/comments?post=3"}],"version-history":[{"count":1,"href":"https:\/\/urbanfit.es\/es\/wp-json\/wp\/v2\/pages\/3\/revisions"}],"predecessor-version":[{"id":13648,"href":"https:\/\/urbanfit.es\/es\/wp-json\/wp\/v2\/pages\/3\/revisions\/13648"}],"wp:attachment":[{"href":"https:\/\/urbanfit.es\/es\/wp-json\/wp\/v2\/media?parent=3"}],"curies":[{"name":"wp","href":"https:\/\/api.w.org\/{rel}","templated":true}]}}

Política de privadesa

<section class="wpb-content-wrapper"><div class="vc_row wpb_row vc_row-fluid vc_row_visible"><div class="wpb_column vc_column_container vc_col-sm-12 text-left"><div class="vc_column-inner"><div class="wpb_wrapper">
	<div class="wpb_text_column wpb_content_element" >
		<div class="wpb_wrapper">
			<h2 class="wp-block-heading">Quiénes somos?</h2>
<p>La nostra adreça web és: https://urbanfit.es.</p>
<h2 class="wp-block-heading">Comentaris</h2>
<p>Quan els visitants deixen comentaris a la web, recollim les dades que es mostren al formulari de contacte, així com l&#8217;adreça IP del visitant i la cadena de l&#8217;agent de l&#8217;usuari del navegador per ajudar a la detecció de missatges brossa.</p>
<p>Una cadena anonimitzada creada a partir de l&#8217;adreça electrònica (també anomenat un hash) pot proporcionar-se al servei Gravatar per veure si l&#8217;esteu usant. La política de privadesa del servei Gravatar està disponible aquí: https://automattic.com/privacy/. Una vegada aprovat el comentari, la imatge del vostre perfil és visible al públic al context del comentari.</p>
<h2 class="wp-block-heading">Mèdia</h2>
<p>Si pugeu imatges al lloc web, heu d&#8217;evitar pujar imatges que incloguin dades de geolocalització (EXIF GPS) incrustades. Els visitants del lloc web poden baixar i extreure qualsevol informació de les imatges de la web.</p>
<h2 class="wp-block-heading">Galetes</h2>
<p>Si deixeu un comentari en la pàgina web, podeu optar per desar el nom, l&#8217;adreça electrònica i el lloc web en les galetes. Això és per la vostra comoditat perquè no hàgeu d&#8217;emplenar les dades de nou quan feu un altre comentari. Aquestes galetes duraran un any.</p>
<p>Si teniu un compte i inicieu sessió en aquesta pàgina web, es definirà una galeta temporal per determinar si el navegador accepta galetes. Aquesta galeta no conté dades personals i es descartarà quan tanqueu el navegador.</p>
<p>Quan inicieu sessió, també es configuraran diverses galetes per desar la informació d&#8217;inici de sessió i les opcions de visualització de la pantalla. Les galeres d&#8217;inici de sessió duren dos dies, i les galetes de les opcions de pantalla duren un any. Si seleccioneu &#8220;Recordeu-me&#8221;, l&#8217;inici de sessió persistirà durant dues setmanes. Si finalitzeu la sessió, les galetes d&#8217;inici de sessió seran suprimides.</p>
<p>Si editeu o publiqueu un article, una galeta addicional es desarà al navegador. Aquesta galeta no inclou dades personals i simplement indica l&#8217;identificador de l&#8217;entrada que acabeu d&#8217;editar. Caduca després d&#8217;1 dia.</p>
<h2 class="wp-block-heading">Contingut incrustat d&#8217;altres llocs web</h2>
<p>Els articles en aquesta pàgina web inclou contingut incrustat (per exemple, vídeos, imatges, articles, etc.). El contingut incrustat des d&#8217;altres pàgines web es comporta exactament de la mateixa manera com si el visitant estigués visitant l&#8217;altra pàgina web.</p>
<p>Aquestes pàgines web poden recollir dades sobre vós, fer servir galetes, incrustar seguiment addicional de terceres parts, i monitorar la interacció amb el contingut incrustat, incloent-hi la traça de la interacció amb el contingut incrustat si teniu un compte i heu iniciat sessió en aquesta pàgina web.</p>
<h2 class="wp-block-heading">Amb qui compartim les vostres dades</h2>
<p>Si sol·liciteu un reinici de contrasenya, l&#8217;adreça UP s&#8217;inclourà en el correu electrònic de reinicialització.</p>
<h2 class="wp-block-heading">Quant de temps retenim les dades</h2>
<p>Si deixeu un comentari, el comentari i les seves dades meta es retenen indefinidament. Això és per poder reconèixer i aprovar automàticament qualsevol comentari de seguiment en lloc de mantenir-los en la cua de moderació.</p>
<p>Per als usuaris que es registren en la web (si hi ha), també emmagatzemem la informació personal que proporcionen al seu perfil d&#8217;usuari. Tots els usuaris poden veure, editar o suprimir la seva informació personal en qualsevol moment (excepte que no poden canviar el seu nom d&#8217;usuari). Els administradors de la pàgina web poden també editar aquesta informació.</p>
<h2 class="wp-block-heading">Quins drets teniu sobre les vostres dades</h2>
<p>Si teniu un compte en aquest lloc web o hi heu deixat comentaris, podeu demanar que us enviem un fitxer d&#8217;exportació de les vostres dades personals, incloent-hi totes les dades que ens hàgeu proporcionat. També podeu demanar que esborrem qualsevol dada personal vostra que tinguem. Això no inclou les dades que estiguem obligats a conservar amb propòsits administratius, legals o de seguretat.</p>
<h2 class="wp-block-heading">On s&#8217;envien les vostres dades</h2>
<p>Els comentaris dels visitants han de ser comprovats mitjançant un servei de detecció de brossa automatitzat.</p>
<p>&nbsp;</p>

		</div>
	</div>
</div></div></div></div></section>

Qui som La nostra adreça web és: https://urbanfit.es. Comentaris Quan els visitants deixen comentaris a la web, recollim les dades que es mostren al formulari de contacte, així com l'adreça IP del visitant i la cadena de l'agent de l'usuari...
